((-6)/(-15))/(p/(-135)). Let u be (180/(-16))/((-1)/12). What is the highest common divisor of g and u?
27
Let r(b) = -15*b + 5. Let m be r(0). Let f(o) = -6*o + 34. Let h be f(m). What is the highest common divisor of 20 and h?
4
Let d be ((-3874)/104 - -33)/(2/(-104)). Calculate the highest common divisor of d and 1819.
17
Let o(p) = -79*p**2 - 788*p + 44. Let k be o(-10). What is the highest common divisor of 1816 and k?
8
Let m = -4841 + 7799. What is the greatest common factor of m and 306?
102
Suppose 2563 = 42*x + 844 - 2187. What is the greatest common factor of 36 and x?
3
Suppose 16 = 2*r - 4*i, 629 = -5*r + i + 669. Calculate the highest common factor of r and 43.
1
Let c(a) = a. Let y(q) = 3*q**2 - q - 5. Let p(x) = -3*c(x) + y(x). Let i be p(-2). Let n be -4 + i + 2 + -5. Calculate the greatest common divisor of n and 32.
8
Let b(u) = 2*u**2 - 54*u + 485. Let t be b(12). What is the highest common divisor of t and 25?
25
Suppose -f - 1 = m, 2*m + f = 5*f + 28. Let n be 29 + (-5)/((-220)/15268). Calculate the highest common divisor of m and n.
4
Suppose -26*l - 950 = -28*l - 14. Let i(m) = -26*m. Let a be i(-2). What is the highest common divisor of l and a?
52
Let z = -3604 + 3624. Let u(x) = -12*x - 1. Let j be u(1). Let n = j - -21. What is the greatest common divisor of z and n?
4
Let t(k) = -k**3 + 62*k**2 + 8*k + 505. Let h be t(62). Calculate the highest common factor of h and 56.
7
Suppose -5*w + 632 = 2*d, -5*d - 202 - 493 = -5*w. Calculate the greatest common factor of w and 2249.
13
Let c(r) = 10. Let q(m) = -m - 1. Let n(w) = 2*c(w) + 14*q(w). Let o be n(2). Let g be (-844)/(-44) - (-4)/o. What is the highest common divisor of 1 and g?
1
Let s be ((-348)/870)/(-1 + (-148)/(-150)). Calculate the highest common factor of s and 415.
5
Suppose -2948 = -5*m + 9152. Calculate the highest common divisor of m and 30.
10
Let i(n) = 5*n + 37. Suppose -o - 4*l = 10, -27*o - 2*l - 32 = -22*o. Let f be i(o). Calculate the greatest common factor of f and 567.
7
Let o(r) = -2*r + 23. Let i be o(-6). Let u(v) = 380*v**2 - i*v + 381*v**2 - 12 - 759*v**2. Let t be u(18). Calculate the highest common factor of 9 and t.
3
Let d(z) = 9*z**2 - 85*z - 88. Let g be d(-1). Calculate the highest common divisor of 2904 and g.
6
Let d be ((-1)/2)/(2/12). Let x(t) = -t**3 - 3*t**2 - 6*t - 6. Let a be x(d). Let v = -9 + a. Calculate the highest common divisor of v and 39.
3
Suppose -149*v - 82595 + 841146 = -802224. Calculate the highest common factor of 25 and v.
25
Let i = -17686 - -17699. Suppose t - 4 = 2*a + 4, -4*t + a = -25. Let b be t/(-4) + 393/2. Calculate the greatest common divisor of b and i.
13
Suppose 4*a - 2*x = 0, -5*a = x - 4*x. Let g be (-8 - -13) + -1 + a. What is the highest common divisor of g and 4?
4
Let v = 5605 - 5581. Let u(h) = 54*h**2 + h - 2. Let p be u(2). Calculate the highest common factor of p and v.
24
Let d(m) = -m**3 + 4*m**2 - 8*m + 50. Let f be d(0). Calculate the highest common factor of 275 and f.
25
Let c = 273 + -261. Let v be (-2)/4 - 26/(-4). Let z = 0 + v. Calculate the greatest common factor of z and c.
6
Let i = 1367 - 1323. What is the greatest common divisor of 143 and i?
11
Suppose -26*a + 21001 = -2295. What is the highest common factor of a and 320?
64
Suppose 0 = 1297*i - 1280*i - 6902. Calculate the highest common divisor of 290 and i.
58
Suppose 0 = h + 7*j - 28840, 311*j = 4*h + 313*j - 115490. Calculate the highest common factor of 22 and h.
11
Suppose 255 = 2*v + 3*o, 114*o - 118*o = 3*v - 382. Calculate the highest common divisor of v and 549.
9
Let r(w) = 70*w + 4063. Let z be r(-58). Let t = -4 - -13. What is the highest common divisor of t and z?
3
Let y(l) = 128*l - 226. Let n be y(11). Let j = -518 + n. What is the highest common divisor of j and 8?
8
Let k be 4*-1 + 5 + -1. Suppose k = -8*f + 1080 + 40. Suppose -h + f = 9*h. What is the greatest common divisor of 154 and h?
14
Let d be 16226/190 - 4/10. Calculate the greatest common factor of 70 and d.
5
Let f = -14150 - -16477. What is the highest common factor of 13 and f?
13
Let f be 14235/27 - (-4)/(-18) - 5. Let v = 529 - f. Calculate the greatest common factor of 371 and v.
7
Suppose 78*v - 5424 = -35*v. What is the highest common factor of v and 1884?
12
Suppose 8*h - 1199 = 4417. Let u = 49 - 23. What is the highest common divisor of h and u?
26
Suppose 6963 = 20*v + 603. Calculate the greatest common factor of 114 and v.
6
Let o = 99 + -97. Let p(v) = -2*v**2 - 18*v - 14. Let z be p(-8). Let n be 3*(z + 1)*12/54. Calculate the greatest common divisor of o and n.
2
Suppose -312 = d - 5*d. Let s(f) = -f**3 + 5*f**2 + 2*f - 3. Let h be s(9). Let g = 361 + h. What is the greatest common divisor of g and d?
26
Suppose 0 = -4*b + 2*k + 3*k + 41, 0 = 4*k + 20. Suppose b + 1 = -5*j, 2*d + 4*j = 170. What is the greatest common factor of 116 and d?
29
Let m = -80 + 98. Let i(v) = 6*v - 60. Let h be i(m). What is the highest common divisor of h and 144?
48
Suppose 20*a - 24*a + 28 = 0. Suppose -1617 = 33*x - 44*x. Calculate the greatest common divisor of x and a.
7
Let k = -9 - -12. Suppose -5*c - l = -474, -5*c = -3*l - 49 - 429. Suppose 7*d - 31 = c. Calculate the highest common factor of d and k.
3
Suppose -13*x - 1183 = -9841. What is the greatest common factor of x and 3922?
74
Suppose d + z - 1157 = -3*d, 3*d = -z + 867. Let v(x) = -x**2 + 38*x - 107. Let y be v(5). Calculate the greatest common factor of d and y.
58
Let j be 8 + (5/2)/((-16)/32). Suppose -58 = -j*f + f. Calculate the highest common divisor of f and 29.
29
Suppose -7*u = -8*u + 4*q + 2038, -2*u + 4070 = -5*q. Calculate the highest common factor of u and 140.
70
Suppose 7*u - 38224 + 25848 = 0. What is the greatest common divisor of 416 and u?
104
Let o(u) = 3*u - 6. Let v be o(5). Suppose 2*p = v + 5. Let d be 182/((-2 - -4)*1). Calculate the greatest common factor of d and p.
7
Let m(i) = -i**3 + 18*i**2 + i + 20. Let p be m(15). Let d = p - 342. What is the greatest common factor of 32 and d?
16
Let f = 4665 - 4622. Calculate the greatest common factor of 4687 and f.
43
Let j be -2 + -1 + (-4 - -11). Suppose -5*r = -d + 150, -j*d - r + 4*r + 532 = 0. What is the highest common factor of 26 and d?
26
Let x be (20/15 + -2)/(2/180). Let m = 60 + x. Suppose m = p + 5, -7*g - 2*p = -8*g + 175. What is the greatest common factor of g and 15?
15
Let l(x) = -x**2 - 14*x + 97. Let f be l(4). Calculate the greatest common divisor of f and 35.
5
Suppose -44 = -23*b - 31 + 102. Suppose 3*r + 2*r - 25 = 0. What is the highest common divisor of b and r?
5
Suppose 0 = 31*i + 124*i - 7282 - 101528. What is the highest common factor of 18 and i?
18
Suppose 77 + 33 = 5*s. Let q = -71 - 325. Let u be -1*q/15*(-80)/(-24). What is the greatest common factor of s and u?
22
Let k(l) = -l**3 + 3*l**2 + 6*l - 8. Let d be k(4). Suppose d = 16*z - 18*z + 8. Let w be ((-30)/(-40))/(1/z). Calculate the greatest common divisor of 3 and w.
3
Let u = -713 - -738. Let h = -1036 - -1686. What is the greatest common factor of h and u?
25
Let q(t) = 6*t**2 + t - 32. Let d be q(5). Suppose 11*f - 152 = d. Suppose a + 3 = 4*b + 25, -5*b - 15 = 0. What is the greatest common divisor of f and a?
5
Suppose -1596 = 326*w - 320*w. Let i = w + 486. Calculate the greatest common divisor of i and 55.
55
Suppose -5*f = -0*f - 80. Let k be (-4 + -2 - 1) + 8. Calculate the highest common factor of f and k.
1
Suppose -24*q - 51 = -171. Suppose 28 = 3*c - c - 2*u, -q*c = -4*u - 72. What is the greatest common divisor of c and 28?
4
Let z = 12 - -138. Let o(a) = 3*a**2 - 3313*a + 9972. Let n be o(3). What is the greatest common factor of n and z?
30
Let c be (-40)/(1428/1215 + 12/(-10)). What is the highest common factor of c and 12?
12
Suppose 2*k - w = -6*w + 80, k - 3*w - 62 = 0. Let x be 188/6*(12/(-6) + k). Let u be 2/(-15) - x/(-30). What is the greatest common divisor of u and 20?
10
Let l = 397 + 88. Suppose -2*o + 14 = 24, o = 3*q - l. What is the highest common factor of 40 and q?
40
Suppose 9*h - 4*h - 315 = 0. Let a be (98/35 - 8/10)*378/36. What is the greatest common factor of h and a?
21
Let w be -16*((-10)/4 + 0). Let m be (-240)/18*((-9)/(-4))/((-100)/80). Calculate the highest common divis